9
Let d(b) = b**3 - 12*b**2 + 10*b + 6. Determine d(11).
-5
Let n(c) = c + 2. Determine n(-3).
-1
Let s(r) = -2*r**2 + 16*r - 8. Give s(7).
6
Let b(v) = -v**2 + v + 6. Determine b(5).
-14
Let j(s) = -s - 17. What is j(-8)?
-9
Let z(n) = n**2 + 13*n - 15. Calculate z(-15).
15
Let f(j) = -j**3 - 13*j**2 - 17*j - 62. Calculate f(-12).
-2
Let y(j) = j + 8. Determine y(-16).
-8
Let s(b) = 8*b**3 - b + 2. What is s(1)?
9
Let f(l) = l**2 + l + 3. Calculate f(3).
15
Let m(s) = -31*s**3 - 3*s**2 - 4*s - 3. What is m(-1)?
29
Let u(v) = -v**3 + 6*v**2 + 10*v - 12. Determine u(8).
-60
Let g(q) = -9*q - 18. Determine g(-8).
54
Let t(v) = -v + 14. Determine t(-15).
29
Let g(m) = 4*m - 24. Calculate g(8).
8
Let t(p) = -2*p**3 - 2*p**2 + 3*p + 3. Give t(2).
-15
Let o(u) = 10*u + 21. Determine o(-4).
-19
Let i(k) = k**2 + 30*k + 91. Calculate i(-27).
10
Let n(x) = x**2 + 2*x - 22. What is n(-8)?
26
Let n(z) = z**3 + 5*z**2 - 4*z - 6. Calculate n(-6).
-18
Let u(v) = -2*v**2 + 6*v + 53. Give u(7).
-3
Let s(v) = 4*v - 6. Give s(3).
6
Let f(p) = p**3 + 5*p**2 - 3*p + 24. What is f(-6)?
6
Let h(d) = -2*d**2 + 13*d - 10. What is h(6)?
-4
Let f(m) = -m**3 + 5*m**2 - 9*m + 18. What is f(4)?
-2
Let h(f) = -10*f + 3. What is h(2)?
-17
Let s(d) = -d - 36. Give s(-14).
-22
Let g(j) = 18*j - 154. Give g(5).
-64
Let m(u) = -u**2 + 6*u + 64. Give m(11).
9
Let z(c) = -25*c + 105. Give z(4).
5
Let f(z) = z**2 - 17*z - 35. What is f(19)?
3
Let k(l) = -l - 36. Give k(-14).
-22
Let g(j) = 2*j**2 + 45*j + 66. Determine g(-21).
3
Let d(s) = -s - 11. What is d(-16)?
5
Let t(x) = -x**2 - 9*x + 13. Determine t(-9).
13
Let i(n) = 5*n + 23. Determine i(-6).
-7
Let i(h) = h**2 - h + 83. Give i(0).
83
Let b(q) = q**2 - 7*q + 9. Calculate b(5).
-1
Let j(y) = 7*y + 3. Determine j(-2).
-11
Let l(t) = -23*t + 65. Calculate l(7).
-96
Let r(w) = 2*w**2 + 3*w + 2. Determine r(-2).
4
Let m(p) = 4*p - 51. Determine m(34).
85
Let o(p) = -11*p**2 - 3. Give o(-2).
-47
Let p(d) = -d**3 + 3*d**2 + 4*d + 8. Give p(4).
8
Let s(u) = u**2 - 3*u + 3. Give s(8).
43
Let s(j) = 3*j - 24. Calculate s(15).
21
Let w(c) = c**3 - 8*c**2 + 7*c + 19. Give w(7).
19
Let r(q) = -q**2 - 22*q - 103. Calculate r(-7).
2
Let w(z) = -z**2 - 15*z - 17. Determine w(-9).
37
Let m(c) = 441*c - 878. Determine m(2).
4
Let w(t) = -3*t**2 - 48*t - 7. What is w(-14)?
77
Let c(n) = 6*n + 191. Give c(-30).
11
Let f(l) = l**3 - 15*l**2 + 12*l + 30. Calculate f(14).
2
Let p(k) = k**3 - 9*k**2 + 7*k - 12. Determine p(9).
51
Let u(a) = a**3 - 3*a**2 - 2*a + 2. Calculate u(4).
10
Let r(j) = -12*j + 459. Give r(36).
27
Let h(a) = a**2 + 10*a. Give h(-8).
-16
Let a(i) = 2*i**3 + 43*i**2 - 23*i - 25. Calculate a(-22).
-3
Let o(b) = -3*b + 51. Determine o(23).
-18
Let k(t) = 7*t + 2. Determine k(-1).
-5
Let u(s) = 2*s**2 - 2*s. What is u(-1)?
4
Let j(c) = 10*c + 1. Calculate j(0).
1
Let q(n) = n**3 + n**2 - 6*n. Determine q(3).
18
Let n(w) = -w**3 - 3*w**2 + w - 2. Give n(3).
-53
Let v(t) = -t**2 + 70*t + 214. Give v(73).
-5
Let x(b) = -b**3 - 9*b**2 - 9*b + 9. Determine x(-7).
-26
Let n(s) = 21*s. What is n(1)?
21
Let n(r) = 22*r**3 + r**2 + r - 2. Give n(1).
22
Let d(c) = c**3 - 5*c**2 + 2*c. Give d(4).
-8
Let m(b) = 3*b - 14. Calculate m(6).
4
Let j(m) = 21*m + 17. Determine j(-9).
-172
Let g(v) = 6*v**3 + 1. What is g(-1)?
-5
Let r(q) = -q**3 - 11*q**2 + 7*q + 3. Calculate r(-12).
63
Let w(c) = c**3 - 4*c + 5. Give w(3).
20
Let d(y) = y**3 - 14*y**2 + 25*y + 21. What is d(12)?
33
Let c(v) = -v**2 + 13*v + 3. What is c(9)?
39
Let c(u) = -4*u - 54. Give c(-14).
2
Let s(i) = -32*i + 1. Give s(1).
-31
Let p(z) = -3*z + 2. What is p(-1)?
5
Let j(b) = b**2 - 7*b + 16. Give j(5).
6
Let v(d) = d**2 - 9*d - 59. Give v(14).
11
Let o(y) = -y**3 - 2*y**2 - 2*y - 2. Give o(-2).
2
Let z(r) = r**2 + 20*r + 67. Give z(-16).
3
Let b(l) = l - 6. Give b(0).
-6
Let s(i) = -i**3 + 11*i**2 - 25*i - 27. Calculate s(6).
3
Let v(z) = 3*z + 15. Calculate v(-2).
9
Let k(m) = 3*m + 74. Calculate k(-24).
2
Let j(t) = 7*t - 108. What is j(14)?
-10
Let b(v) = -33*v**3 + 2*v**2 - 1. Calculate b(-1).
34
Let j(h) = -h**3 - 12*h**2 - 21*h - 5. Give j(-10).
5
Let g(i) = 2*i**3 - 22*i**2 - 2*i + 21. What is g(11)?
-1
Let z(w) = -3*w**3 + w**2 + 3*w. Give z(2).
-14
Let u(c) = -2*c**3 - 7*c**2 - 6. Determine u(-5).
69
Let s(p) = 15*p + 110. Determine s(-7).
5
Let t(u) = u**3 - 5*u**2 + 4*u - 9. Calculate t(4).
-9
Let x(y) = 8*y**2 + 2*y. Determine x(-3).
66
Let j(r) = -11*r - 73. Give j(-7).
4
Let u(k) = -k**2 - 22*k - 10. Give u(-22).
-10
Let a(u) = u**3 - 8*u**2 - 10*u - 25. What is a(10)?
75
Let q(j) = -5*j**2 - 8*j + 7. Calculate q(6).
-221
Let b(i) = -i**3 - 9*i**2 - 15*i - 1. What is b(-7)?
6
Let m(a) = a**3 - 3*a**2 - 9*a - 3. Calculate m(5).
2
Let m(c) = -c**2 - 3*c - 5. Determine m(5).
-45
Let s(n) = -5*n**2 - 5*n - 4. Determine s(-2).
-14
Let o(z) = -z**3 - 11*z**2 - z - 12. What is o(-11)?
-1
Let b(r) = -r**3 - 3*r**2 + 2*r - 6. Determine b(-4).
2
Let x(m) = m**2 - m + 23. Calculate x(0).
23
Let u(y) = 2*y**3 + 6*y**2 + 2*y - 4. Calculate u(-3).
-10
Let q(v) = 7*v**2 - 4*v - 3. What is q(-1)?
8
Let p(q) = q**2 - 28*q - 111. Determine p(31).
-18
Let d(h) = -3*h**2 + 2*h + 2. Determine d(-4).
-54
Let o(t) = -t**3 - 4*t**2 + 9*t + 17. What is o(-5)?
-3
Let i(g) = -16*g + 445. What is i(29)?
-19
Let p(d) = 12*d**3 - d**2 - d - 5. What is p(2)?
85
Let v(j) = 39*j - 2. Give v(-1).
-41
Let t(v) = -30*v - 261. Calculate t(-9).
9
Let j(p) = p**3 + 4*p**2 - p - 2. What is j(-4)?
2
Let l(g) = g**2 - 3*g - 3. What is l(3)?
-3
Let o(p) = p**2 + 12*p + 20. Determine o(-5).
-15
Let y(h) = -3*h - 21. Give y(-10).
9
Let k(w) = w**2 - 6*w - 57. Calculate k(12).
15
Let g(i) = 3*i**3 + 11*i**2 - 20*i - 1. Determine g(2).
27
Let x(y) = -y**2 + 2*y - 1. Calculate x(3).
-4
Let k(c) = -3*c**2 - c - 14. Calculate k(-6).
-116
Let x(t) = 10*t - 533. Calculate x(53).
-3
Let n(g) = -g**3 + 8*g**2 - 5*g - 6. Give n(6).
36
Let a(n) = -2*n**3 + 26*n**2 + n - 17. Give a(13).
-4
Let s(i) = -i**2 - 3*i + 11. Determine s(-6).
-7
Let h(w) = -w + 4. Give h(7).
-3
Let w(u) = u**2 + 3*u - 1. Calculate w(-4).
3
Let y(l) = -l**3 - 14*l**2 + 3*l + 47. Determine y(-14).
5
Let g(r) = r**3 - 7*r**2 + 6*r - 3. Calculate g(6).
-3
Let o(y) = 8*y**2 + 129*y + 17. Calculate o(-16).
1
Let k(a) = -5*a**2 + 79*a + 23. Determine k(16).
7
Let r(x) = 3*x**2 + 3*x - 11. Determine r(-5).
49
Let n(m) = 52*m + 89. Give n(-2).
-15
Let v(h) = -27*h - 2. Determine v(2).
-56
Let i(v) = -6*v + 33. Calculate i(6).
-3
Let o(g) = -3*g + 23. Calculate o(6).
5
Let i(s) = -s**3 + 8*s**2 + 4*s. What is i(7)?
77
Let m(u) = -u**3 - 7*u**2 + 5*u - 7. What is m(-6)?
-73
Let h(w) = -w**3 + 6*w**2 - 9*w - 13. Calculate h(5).
-33
Let u(c) = -5*c + 5. What is u(-31)?
160
Let y(w) = w + 14. Give y(-16).
-2
Let l(s) = -s**3 + 22*s**2 - 39*s - 10. Calculate l(20).
10
Let w(b) = -3*b - 9. What is w(-3)?
0
Let n(d) = -d**3 - 19*d**2 - 18*d - 2. What is n(-18)?
-2
Let z(o) = o**3 + 10*o**2 + 11*o + 17. Calculate z(-9).
-1
Let v(y) = -2*y**3 - y**2 + 2*y. Give v(-2).
8
Let g(k) = k + 1. What is g(-11)?
-10
Let m(n) = -5*n - 38. Calculate m(-5).
-13
Let i(j) = -7*j**2 + 5*j - 2. Determine i(3).
-50
Let r(l) = 21*l - 36. Give r(2).
6
Let p(o) = -o**2 - 6*o + 14. What is p(4)?
-26
Let k(b) = -b**3 + 4*b**2 + 5*b - 6. What is k(4)?
14
Let c(o) = o**3 + 38*o**2 + 74*o + 41. What is c(-36)?
-31
Let k(o) = 2*o**3 - o**2 - 15*o + 3. What is k(3)?
3
Let t(y) = -y**3 + 47*y - 3. Calculate t(-7).
11
Let i(h) = 29*h + 101. Calculate i(-5).
-44
Let m(i) = i**3 - i**2 - 6*i + 17. Determine m(4).
41
Let o(d) = -8*d + 58. Determine o(8).
-6
Let c(t) = 3*t - 5. What is c(-8)?
-29
Let k(w) = 2*w**3 - 9*w + 1. Give k(-2).
3
Let a(t) = 3*t - 2. Determine a(8).
22
Let a(n) = -n**3 - 12*n**2 + n + 2. What is a(-12)?
-10
Let s(g) = g**2 - 5*g + 4. Calculate s(8).
28
Let h(q) = -2*q + 25. Calculate h(17).
-9
Let d(n) = n - 8. Calculate d(9).
1
Let f(c) = -c**2 - 10*c + 4. Calculate f(-10).
4
Let c(f) = -f**2 + 10*f + 6. What is c(9)?
15
Let z(c) = 2*c**2 - 6*c - 5. Determine z(0).
-5
Let q(g) = -22*g - 62. Determine q(-3).
4
Let p(y) = -2*y**3 + 4*y**2 + 5*y - 1. Calculate p(3).
-4
Let x(h) = h**3 - 6*h**2 - 3*h + 9. Calculate x(6).
-9
Let c(k) = -63*k + 3. What is c(-1)?
6